{"id":1498,"date":"2020-10-28T14:49:52","date_gmt":"2020-10-28T18:49:52","guid":{"rendered":"http:\/\/corpoeducjeunesse.org\/?page_id=1498"},"modified":"2020-10-28T14:49:52","modified_gmt":"2020-10-28T18:49:52","slug":"faire-un-don","status":"publish","type":"page","link":"https:\/\/staging.corpoeducjeunesse.org\/clone\/?page_id=1498","title":{"rendered":"Faire un don"},"content":{"rendered":"\n<p>Pour faire un don \u00e0 la C\u00c9J par carte de d\u00e9bit ou cr\u00e9dit,&nbsp;<strong><a href=\"https:\/\/www.simplyk.io\/donation\/5df16527292377002b33aaa3?fbclid=IwAR2bfN40SnkPP5Lzv6LqTRo4Ssl7ufMKNSgj_OyCi9yBxGTjIpRWlKTwZGU\">cliquez ici<\/a>.<\/strong><br><br>Pour faire votre don d\u2019une autre mani\u00e8re ou si vous avec besoin de renseignements suppl\u00e9mentaires, vous pouvez nous contacter par&nbsp;<a href=\"mailto:cej@cooptel.qc.ca\"><strong>courriel<\/strong><\/a>, au t\u00e9l\u00e9phone ou via notre page&nbsp;<a href=\"https:\/\/www.facebook.com\/corpoeducjeunesse\/\"><strong>Facebook<\/strong><\/a>!<\/p>\n\n\n\n<p>Merci \u00e9norm\u00e9ment pour votre contribution! Chaque don peut faire une grande diff\u00e9rence dans la vie de nos jeunes et de nos familles !<br><br>Nous vous invitons \u00e9galement \u00e0 vous renseigner sur les dates de nos prochaines activit\u00e9s de financement.<\/p>\n","protected":false},"excerpt":{"rendered":"<p>Pour faire un don \u00e0 la C\u00c9J par carte de d\u00e9bit ou cr\u00e9dit,&nbsp;cliquez ici. Pour faire votre don d\u2019une autre mani\u00e8re ou si vous avec besoin de renseignements suppl\u00e9mentaires, vous pouvez nous contacter par&nbsp;courriel, au t\u00e9l\u00e9phone ou via notre page&nbsp;Facebook! Merci \u00e9norm\u00e9ment pour votre contribution! Chaque don peut faire une grande diff\u00e9rence dans la vie [&hellip;]<\/p>\n","protected":false},"author":2,"featured_media":0,"parent":0,"menu_order":0,"comment_status":"closed","ping_status":"closed","template":"","meta":{"footnotes":""},"class_list":["post-1498","page","type-page","status-publish","hentry"],"_links":{"self":[{"href":"https:\/\/staging.corpoeducjeunesse.org\/clone\/index.php?rest_route=\/wp\/v2\/pages\/1498","targetHints":{"allow":["GET"]}}],"collection":[{"href":"https:\/\/staging.corpoeducjeunesse.org\/clone\/index.php?rest_route=\/wp\/v2\/pages"}],"about":[{"href":"https:\/\/staging.corpoeducjeunesse.org\/clone\/index.php?rest_route=\/wp\/v2\/types\/page"}],"author":[{"embeddable":true,"href":"https:\/\/staging.corpoeducjeunesse.org\/clone\/index.php?rest_route=\/wp\/v2\/users\/2"}],"replies":[{"embeddable":true,"href":"https:\/\/staging.corpoeducjeunesse.org\/clone\/index.php?rest_route=%2Fwp%2Fv2%2Fcomments&post=1498"}],"version-history":[{"count":0,"href":"https:\/\/staging.corpoeducjeunesse.org\/clone\/index.php?rest_route=\/wp\/v2\/pages\/1498\/revisions"}],"wp:attachment":[{"href":"https:\/\/staging.corpoeducjeunesse.org\/clone\/index.php?rest_route=%2Fwp%2Fv2%2Fmedia&parent=1498"}],"curies":[{"name":"wp","href":"https:\/\/api.w.org\/{rel}","templated":true}]}}