{"id":1907,"date":"2023-12-07T22:19:42","date_gmt":"2023-12-07T22:19:42","guid":{"rendered":"https:\/\/corpoeducjeunesse.org\/?page_id=1907"},"modified":"2024-12-06T15:37:12","modified_gmt":"2024-12-06T15:37:12","slug":"don-de-cent","status":"publish","type":"page","link":"https:\/\/staging.corpoeducjeunesse.org\/clone\/?page_id=1907","title":{"rendered":"Don de Cent"},"content":{"rendered":"\n<figure class=\"wp-block-image size-full is-resized\"><img loading=\"lazy\" decoding=\"async\" width=\"560\" height=\"533\" src=\"https:\/\/staging.corpoeducjeunesse.org\/clone\/wp-content\/uploads\/2023\/12\/don-de-cent-1.jpeg\" alt=\"\" class=\"wp-image-1912\" style=\"width:293px;height:auto\" srcset=\"https:\/\/staging.corpoeducjeunesse.org\/clone\/wp-content\/uploads\/2023\/12\/don-de-cent-1.jpeg 560w, https:\/\/staging.corpoeducjeunesse.org\/clone\/wp-content\/uploads\/2023\/12\/don-de-cent-1-300x286.jpeg 300w\" sizes=\"auto, (max-width: 560px) 100vw, 560px\" \/><\/figure>\n\n\n\n<p>*Le don de 100 de la C\u00c9J est de retour ! *<\/p>\n\n\n\n<p>Faites votre Don de 100 et contribuez \u00e0 la sant\u00e9 financi\u00e8re de la C\u00c9J!<\/p>\n\n\n\n<p>Concr\u00e8tement, votre don, quel que soit le montant, aidera des jeunes et des familles vuln\u00e9rables \u00e0 profiter des activit\u00e9s et services de la C\u00c9J.<\/p>\n\n\n\n<p>Cliquez sur le lien suivant pour faire votre don <\/p>\n\n\n\n<p><a href=\"https:\/\/www.zeffy.com\/fr-CA\/fundraising\/un-don-de-cent-2024--25\">https:\/\/www.zeffy.com\/fr-CA\/fundraising\/un-don-de-cent-2024&#8211;25<\/a><\/p>\n\n\n\n<p>La C\u00c9J est un organisme de formation, d\u2019intervention de milieu, d\u2019accompagnement et de soutien qui \u0153uvre aupr\u00e8s des jeunes et des familles de la grande r\u00e9gion de Montr\u00e9al.<\/p>\n\n\n\n<p>Par le biais d\u2019ateliers, de formations, de camps th\u00e9matiques et d\u2019une programmation d\u2019activit\u00e9s vari\u00e9es, elle vise l\u2019\u00e9panouissement personnel et collectif, le d\u00e9veloppement des comp\u00e9tences, le renforcement des liens familiaux et la r\u00e9duction des in\u00e9galit\u00e9s sociales.<\/p>\n\n\n\n<p>Votre don nous aidera significativement dans la r\u00e9alisation notre mission \u00e0 long terme.<\/p>\n\n\n\n<p>Merci infiniment !<\/p>\n","protected":false},"excerpt":{"rendered":"<p>*Le don de 100 de la C\u00c9J est de retour ! * Faites votre Don de 100 et contribuez \u00e0 la sant\u00e9 financi\u00e8re de la C\u00c9J! Concr\u00e8tement, votre don, quel que soit le montant, aidera des jeunes et des familles vuln\u00e9rables \u00e0 profiter des activit\u00e9s et services de la C\u00c9J. Cliquez sur le lien suivant [&hellip;]<\/p>\n","protected":false},"author":1,"featured_media":0,"parent":0,"menu_order":0,"comment_status":"closed","ping_status":"closed","template":"","meta":{"footnotes":""},"class_list":["post-1907","page","type-page","status-publish","hentry"],"_links":{"self":[{"href":"https:\/\/staging.corpoeducjeunesse.org\/clone\/index.php?rest_route=\/wp\/v2\/pages\/1907","targetHints":{"allow":["GET"]}}],"collection":[{"href":"https:\/\/staging.corpoeducjeunesse.org\/clone\/index.php?rest_route=\/wp\/v2\/pages"}],"about":[{"href":"https:\/\/staging.corpoeducjeunesse.org\/clone\/index.php?rest_route=\/wp\/v2\/types\/page"}],"author":[{"embeddable":true,"href":"https:\/\/staging.corpoeducjeunesse.org\/clone\/index.php?rest_route=\/wp\/v2\/users\/1"}],"replies":[{"embeddable":true,"href":"https:\/\/staging.corpoeducjeunesse.org\/clone\/index.php?rest_route=%2Fwp%2Fv2%2Fcomments&post=1907"}],"version-history":[{"count":3,"href":"https:\/\/staging.corpoeducjeunesse.org\/clone\/index.php?rest_route=\/wp\/v2\/pages\/1907\/revisions"}],"predecessor-version":[{"id":1995,"href":"https:\/\/staging.corpoeducjeunesse.org\/clone\/index.php?rest_route=\/wp\/v2\/pages\/1907\/revisions\/1995"}],"wp:attachment":[{"href":"https:\/\/staging.corpoeducjeunesse.org\/clone\/index.php?rest_route=%2Fwp%2Fv2%2Fmedia&parent=1907"}],"curies":[{"name":"wp","href":"https:\/\/api.w.org\/{rel}","templated":true}]}}