{"id":85,"date":"2018-09-17T00:33:22","date_gmt":"2018-09-17T04:33:22","guid":{"rendered":"https:\/\/corpoeducjeunesse.wordpress.com\/?page_id=85"},"modified":"2023-09-29T13:23:26","modified_gmt":"2023-09-29T13:23:26","slug":"activites-de-financement","status":"publish","type":"page","link":"https:\/\/staging.corpoeducjeunesse.org\/clone\/?page_id=85","title":{"rendered":"Activit\u00e9s de financement"},"content":{"rendered":"\n<p>La Corporation d&rsquo;\u00c9ducation Jeunesse \u00e9tant un organisme \u00e0 but non-lucratif, les principales sources de financement sont les subventions gouvernementales, les dons ainsi que les profits amass\u00e9s durant les activit\u00e9s de financement. Depuis quelque temps, la C\u00c9J organise chaque ann\u00e9e quelques \u00e9v\u00e9nements et activit\u00e9s de financement. Vous pouvez consulter toute l&rsquo;information concernant nos deux principaux \u00e9v\u00e9nement en cliquant sur nos onglets !<\/p>\n\n\n\n<p><\/p>\n\n\n\n<p>Un \u00e9norme merci \u00e0 tous ceux et celles qui ont particip\u00e9 \u00e0 au moins une de nos activit\u00e9s de financement ainsi qu&rsquo;\u00e0 nos fid\u00e8les b\u00e9n\u00e9voles. Restez \u00e0 l&rsquo;aff\u00fbt pour conna\u00eetre les dates des prochaines activit\u00e9s de financement qui seront annonc\u00e9es sur notre site web et sur nos r\u00e9seaux sociaux (Facebook et Instagram). En esp\u00e9rant vous y voir en tr\u00e8s grand nombre !<\/p>\n","protected":false},"excerpt":{"rendered":"<p>La Corporation d&rsquo;\u00c9ducation Jeunesse \u00e9tant un organisme \u00e0 but non-lucratif, les principales sources de financement sont les subventions gouvernementales, les dons ainsi que les profits amass\u00e9s durant les activit\u00e9s de financement. Depuis quelque temps, la C\u00c9J organise chaque ann\u00e9e quelques \u00e9v\u00e9nements et activit\u00e9s de financement. Vous pouvez consulter toute l&rsquo;information concernant nos deux principaux \u00e9v\u00e9nement [&hellip;]<\/p>\n","protected":false},"author":2,"featured_media":130,"parent":51,"menu_order":0,"comment_status":"closed","ping_status":"closed","template":"","meta":{"footnotes":""},"class_list":["post-85","page","type-page","status-publish","has-post-thumbnail","hentry"],"_links":{"self":[{"href":"https:\/\/staging.corpoeducjeunesse.org\/clone\/index.php?rest_route=\/wp\/v2\/pages\/85","targetHints":{"allow":["GET"]}}],"collection":[{"href":"https:\/\/staging.corpoeducjeunesse.org\/clone\/index.php?rest_route=\/wp\/v2\/pages"}],"about":[{"href":"https:\/\/staging.corpoeducjeunesse.org\/clone\/index.php?rest_route=\/wp\/v2\/types\/page"}],"author":[{"embeddable":true,"href":"https:\/\/staging.corpoeducjeunesse.org\/clone\/index.php?rest_route=\/wp\/v2\/users\/2"}],"replies":[{"embeddable":true,"href":"https:\/\/staging.corpoeducjeunesse.org\/clone\/index.php?rest_route=%2Fwp%2Fv2%2Fcomments&post=85"}],"version-history":[{"count":1,"href":"https:\/\/staging.corpoeducjeunesse.org\/clone\/index.php?rest_route=\/wp\/v2\/pages\/85\/revisions"}],"predecessor-version":[{"id":1899,"href":"https:\/\/staging.corpoeducjeunesse.org\/clone\/index.php?rest_route=\/wp\/v2\/pages\/85\/revisions\/1899"}],"up":[{"embeddable":true,"href":"https:\/\/staging.corpoeducjeunesse.org\/clone\/index.php?rest_route=\/wp\/v2\/pages\/51"}],"wp:featuredmedia":[{"embeddable":true,"href":"https:\/\/staging.corpoeducjeunesse.org\/clone\/index.php?rest_route=\/wp\/v2\/media\/130"}],"wp:attachment":[{"href":"https:\/\/staging.corpoeducjeunesse.org\/clone\/index.php?rest_route=%2Fwp%2Fv2%2Fmedia&parent=85"}],"curies":[{"name":"wp","href":"https:\/\/api.w.org\/{rel}","templated":true}]}}